{"id":212,"date":"2025-08-06T16:04:07","date_gmt":"2025-08-06T16:04:07","guid":{"rendered":"https:\/\/cycoellopropiedades.cl\/?page_id=212"},"modified":"2026-01-19T01:57:28","modified_gmt":"2026-01-19T01:57:28","slug":"elementor-212","status":"publish","type":"page","link":"https:\/\/cycoellopropiedades.cl\/?page_id=212","title":{"rendered":"QUIENES SOMOS"},"content":{"rendered":"\t\t<div data-elementor-type=\"wp-page\" data-elementor-id=\"212\" class=\"elementor elementor-212\" data-elementor-post-type=\"page\">\n\t\t\t\t<div class=\"elementor-element elementor-element-524d15d e-flex e-con-boxed e-con e-parent\" data-id=\"524d15d\" data-element_type=\"container\">\n\t\t\t\t\t<div class=\"e-con-inner\">\n\t\t\t\t<div class=\"elementor-element elementor-element-2a954df elementor-widget-divider--view-line elementor-widget elementor-widget-divider\" data-id=\"2a954df\" data-element_type=\"widget\" data-widget_type=\"divider.default\">\n\t\t\t\t<div class=\"elementor-widget-container\">\n\t\t\t\t\t\t\t<div class=\"elementor-divider\">\n\t\t\t<span class=\"elementor-divider-separator\">\n\t\t\t\t\t\t<\/span>\n\t\t<\/div>\n\t\t\t\t\t\t<\/div>\n\t\t\t\t<\/div>\n\t\t\t\t<div class=\"elementor-element elementor-element-d7baade elementor-widget elementor-widget-heading\" data-id=\"d7baade\" data-element_type=\"widget\" data-widget_type=\"heading.default\">\n\t\t\t\t<div class=\"elementor-widget-container\">\n\t\t\t\t\t<h2 class=\"elementor-heading-title elementor-size-default\">\u00bfQuienes somos?<\/h2>\t\t\t\t<\/div>\n\t\t\t\t<\/div>\n\t\t\t\t<div class=\"elementor-element elementor-element-bb8ac50 elementor-widget-divider--view-line elementor-widget elementor-widget-divider\" data-id=\"bb8ac50\" data-element_type=\"widget\" data-widget_type=\"divider.default\">\n\t\t\t\t<div class=\"elementor-widget-container\">\n\t\t\t\t\t\t\t<div class=\"elementor-divider\">\n\t\t\t<span class=\"elementor-divider-separator\">\n\t\t\t\t\t\t<\/span>\n\t\t<\/div>\n\t\t\t\t\t\t<\/div>\n\t\t\t\t<\/div>\n\t\t\t\t<div class=\"elementor-element elementor-element-15b2ee1 elementor-widget elementor-widget-text-editor\" data-id=\"15b2ee1\" data-element_type=\"widget\" data-widget_type=\"text-editor.default\">\n\t\t\t\t<div class=\"elementor-widget-container\">\n\t\t\t\t\t\t\t\t\t<p style=\"color: #000000; font-family: Cinzel, sans-serif; text-align: center;\">Somos una empresa familiar dedicada a la intermediaci\u00f3n de propiedades nuevas y usadas.<\/p><p style=\"color: #000000; font-family: Cinzel, sans-serif; text-align: center;\">Ofrecemos nuestro servicio de corretaje a quienes necesiten vender, comprar o arrendar propiedades en la\u00a0quinta\u00a0regi\u00f3n.<\/p><p style=\"color: #000000; font-family: Cinzel, sans-serif; text-align: center;\">Nuestra gesti\u00f3n apunta a brindar una atenci\u00f3n eficiente y personalizada a nuestros clientes.<\/p><p style=\"color: #000000; font-family: Cinzel, sans-serif; text-align: center;\">En ventas, se asesora personalmente durante el proceso de estudio de t\u00edtulo al comprador y vendedor.<\/p><p style=\"color: #000000; font-family: Cinzel, sans-serif; text-align: center;\">Realizamos los tr\u00e1mites para obtener de Conservador de Bienes Ra\u00edces, Serviu, Municipalidad y Tesorer\u00eda, los certificados correspondientes al inmueble.<\/p><p style=\"color: #000000; font-family: Cinzel, sans-serif; text-align: center;\">En arriendos, se eval\u00faan todos los antecedentes de los postulantes, se le informa al propietario, y si \u00e9ste califica, se procede a elaborar el Contrato de Arriendo.<\/p>\t\t\t\t\t\t\t\t<\/div>\n\t\t\t\t<\/div>\n\t\t\t\t<div class=\"elementor-element elementor-element-f01ed0f elementor-widget elementor-widget-image\" data-id=\"f01ed0f\" data-element_type=\"widget\" data-widget_type=\"image.default\">\n\t\t\t\t<div class=\"elementor-widget-container\">\n\t\t\t\t\t\t\t\t\t\t\t\t\t\t\t<img fetchpriority=\"high\" decoding=\"async\" width=\"1024\" height=\"585\" src=\"https:\/\/cycoellopropiedades.cl\/wp-content\/uploads\/2025\/08\/2-3.png\" class=\"attachment-large size-large wp-image-181\" alt=\"\" \/>\t\t\t\t\t\t\t\t\t\t\t\t\t\t\t<\/div>\n\t\t\t\t<\/div>\n\t\t\t\t\t<\/div>\n\t\t\t\t<\/div>\n\t\t\t\t<\/div>\n\t\t","protected":false},"excerpt":{"rendered":"<p>\u00bfQuienes somos? Somos una empresa familiar dedicada a la intermediaci\u00f3n de propiedades nuevas y usadas. Ofrecemos nuestro servicio de corretaje a quienes necesiten vender, comprar o arrendar propiedades en la\u00a0quinta\u00a0regi\u00f3n. [&hellip;]<\/p>\n","protected":false},"author":2,"featured_media":0,"parent":0,"menu_order":0,"comment_status":"closed","ping_status":"closed","template":"","meta":{"footnotes":""},"class_list":["post-212","page","type-page","status-publish","hentry"],"jetpack_sharing_enabled":true,"_links":{"self":[{"href":"https:\/\/cycoellopropiedades.cl\/index.php?rest_route=\/wp\/v2\/pages\/212","targetHints":{"allow":["GET"]}}],"collection":[{"href":"https:\/\/cycoellopropiedades.cl\/index.php?rest_route=\/wp\/v2\/pages"}],"about":[{"href":"https:\/\/cycoellopropiedades.cl\/index.php?rest_route=\/wp\/v2\/types\/page"}],"author":[{"embeddable":true,"href":"https:\/\/cycoellopropiedades.cl\/index.php?rest_route=\/wp\/v2\/users\/2"}],"replies":[{"embeddable":true,"href":"https:\/\/cycoellopropiedades.cl\/index.php?rest_route=%2Fwp%2Fv2%2Fcomments&post=212"}],"version-history":[{"count":13,"href":"https:\/\/cycoellopropiedades.cl\/index.php?rest_route=\/wp\/v2\/pages\/212\/revisions"}],"predecessor-version":[{"id":1476,"href":"https:\/\/cycoellopropiedades.cl\/index.php?rest_route=\/wp\/v2\/pages\/212\/revisions\/1476"}],"wp:attachment":[{"href":"https:\/\/cycoellopropiedades.cl\/index.php?rest_route=%2Fwp%2Fv2%2Fmedia&parent=212"}],"curies":[{"name":"wp","href":"https:\/\/api.w.org\/{rel}","templated":true}]}}